Calculate the remainder when 841 is divided by 403.
35
Calculate the remainder when 25828 is divided by 369.
367
Calculate the remainder when 91 is divided by 29.
4
What is the remainder when 171 is divided by 39?
15
Calculate the remainder when 285 is divided by 175.
110
Calculate the remainder when 250 is divided by 42.
40
What is the remainder when 219 is divided by 81?
57
What is the remainder when 106 is divided by 42?
22
What is the remainder when 1827 is divided by 454?
11
Calculate the remainder when 622 is divided by 90.
82
What is the remainder when 34 is divided by 9?
7
What is the remainder when 148 is divided by 54?
40
Calculate the remainder when 280 is divided by 58.
48
What is the remainder when 2018 is divided by 4?
2
Calculate the remainder when 1282 is divided by 99.
94
What is the remainder when 513 is divided by 6?
3
What is the remainder when 200 is divided by 28?
4
Calculate the remainder when 1822 is divided by 83.
79
Calculate the remainder when 201 is divided by 78.
45
What is the remainder when 197 is divided by 99?
98
Calculate the remainder when 1241 is divided by 43.
37
What is the remainder when 368 is divided by 17?
11
What is the remainder when 1293 is divided by 37?
35
What is the remainder when 3236 is divided by 23?
16
Calculate the remainder when 135 is divided by 29.
19
What is the remainder when 202 is divided by 53?
43
Calculate the remainder when 424 is divided by 218.
206
Calculate the remainder when 1799 is divided by 24.
23
What is the remainder when 698 is divided by 217?
47
What is the remainder when 1659 is divided by 13?
8
What is the remainder when 206 is divided by 27?
17
What is the remainder when 331 is divided by 69?
55
What is the remainder when 50 is divided by 25?
0
What is the remainder when 140 is divided by 86?
54
What is the remainder when 945 is divided by 59?
1
Calculate the remainder when 1040 is divided by 12.
8
What is the remainder when 54 is divided by 19?
16
What is the remainder when 144 is divided by 47?
3
What is the remainder when 2953 is divided by 324?
37
Calculate the remainder when 43 is divided by 27.
16
Calculate the remainder when 8377 is divided by 3.
1
What is the remainder when 228 is divided by 44?
8
Calculate the remainder when 497 is divided by 206.
85
Calculate the remainder when 300 is divided by 7.
6
What is the remainder when 272 is divided by 25?
22
Calculate the remainder when 110 is divided by 13.
6
Calculate the remainder when 151 is divided by 39.
34
Calculate the remainder when 2086 is divided by 347.
4
Calculate the remainder when 294 is divided by 46.
18
What is the remainder when 3208 is divided by 23?
11
Calculate the remainder when 78 is divided by 22.
12
What is the remainder when 73 is divided by 31?
11
What is the remainder when 213 is divided by 49?
17
Calculate the remainder when 24 is divided by 3.
0
What is the remainder when 197 is divided by 23?
13
Calculate the remainder when 3558 is divided by 170.
158
What is the remainder when 166 is divided by 76?
14
What is the remainder when 996 is divided by 58?
10
What is the remainder when 21089 is divided by 37?
36
What is the remainder when 4928 is divided by 34?
32
What is the remainder when 22 is divided by 8?
6
What is the remainder when 36 is divided by 10?
6
What is the remainder when 148 is divided by 94?
54
Calculate the remainder when 587 is divided by 59.
56
What is the remainder when 3712 is divided by 928?
0
What is the remainder when 183 is divided by 24?
15
What is the remainder when 2219 is divided by 36?
23
Calculate the remainder when 331 is divided by 87.
70
Calculate the remainder when 41297 is divided by 35.
32
Calculate the remainder when 60 is divided by 16.
12
Calculate the remainder when 21513 is divided by 62.
61
What is the remainder when 135 is divided by 23?
20
What is the remainder when 884 is divided by 59?
58
Calculate the remainder when 2559 is divided by 71.
3
What is the remainder when 18 is divided by 4?
2
Calculate the remainder when 93 is divided by 86.
7
Calculate the remainder when 2279 is divided by 59.
37
Calculate the remainder when 652 is divided by 638.
14
What is the remainder when 777 is divided by 191?
13
Calculate the remainder when 277 is divided by 147.
130
Calculate the remainder when 470 is divided by 99.
74
Calculate the remainder when 130 is divided by 12.
10
What is the remainder when 685 is divided by 86?
83
What is the remainder when 1933 is divided by 623?
64
What is the remainder when 381 is divided by 137?
107
What is the remainder when 158 is divided by 33?
26
Calculate the remainder when 766 is divided by 30.
16
Calculate the remainder when 216 is divided by 42.
6
What is the remainder when 589 is divided by 197?
195
Calculate the remainder when 1084 is divided by 109.
103
What is the remainder when 335 is divided by 90?
65
Calculate the remainder when 394 is divided by 106.
76
Calculate the remainder when 170 is divided by 109.
61
What is the remainder when 505 is divided by 34?
29
Calculate the remainder when 310 is divided by 152.
6
What is the remainder when 181 is divided by 8?
5
What is the remainder when 399 is divided by 102?
93
What is the remainder when 710 is divided by 42?
38
Calculate the remainder when 304 is divided by 61.
60
What is the remainder when 815 is divided by 57?
17
What is the remainder when 250 is divided by 18?
16
Calculate the remainder when 5072 is divided by 54.
50
Calculate the remainder when 374 is divided by 183.
8
What is the remainder when 710 is divided by 51?
47
Calculate the remainder when 57 is divided by 10.
7
What is the remainder when 104 is divided by 18?
14
Calculate the remainder when 93 is divided by 14.
9
What is the remainder when 117 is divided by 11?
7
What is the remainder when 18 is divided by 15?
3
Calculate the remainder when 650 is divided by 95.
80
What is the remainder when 361 is divided by 178?
5
Calculate the remainder when 437 is divided by 40.
37
Calculate the remainder when 247 is divided by 53.
35
Calculate the remainder when 361 is divided by 75.
61
Calculate the remainder when 772 is divided by 63.
16
Calculate the remainder when 13046 is divided by 58.
54
What is the remainder when 964 is divided by 22?
18
Calculate the remainder when 437 is divided by 119.
80
What is the remainder when 285 is divided by 137?
11
What is the remainder when 12145 is divided by 25?
20
Calculate the remainder when 408 is divided by 138.
132
What is the remainder when 533 is divided by 16?
5
What is the remainder when 2620 is divided by 55?
35
What is the remainder when 581 is divided by 148?
137
Calculate the remainder when 1931 is divided by 21.
20
Calculate the remainder when 413 is divided by 22.
17
Calculate the remainder when 403 is divided by 140.
123
What is the remainder when 295 is divided by 68?
23
Calculate the remainder when 137 is divided by 31.
13
What is the remainder when 197 is divided by 46?
13
Calculate the remainder when 233 is divided by 5.
3
Calculate the remainder when 88 is divided by 6.
4
What is the remainder when 138 is divided by 10?
8
Calculate the remainder when 2933 is divided by 2923.
10
Calculate the remainder when 21873 is divided by 12.
9
Calculate the remainder when 13847 is divided by 27.
23
What is the remainder when 601 is divided by 533?
68
What is the remainder when 257 is divided by 12?
5
What is the remainder when 175 is divided by 58?
1
Calculate the remainder when 242 is divided by 61.
59
Calculate the remainder when 9963 is divided by 33.
30
Calculate the remainder when 20460 is divided by 57.
54
Calculate the remainder when 31413 is divided by 51.
48
What is the remainder when 1629 is divided by 531?
36
What is the remainder when 272 is divided by 41?
26
What is the remainder when 465 is divided by 52?
49
Calculate the remainder when 189 is divided by 9.
0
What is the remainder when 195 is divided by 40?
35
What is the remainder when 62 is divided by 11?
7
What is the remainder when 10 is divided by 9?
1
What is the remainder when 119 is divided by 66?
53
Calculate the remainder when 135 is divided by 17.
16
What is the remainder when 717 is divided by 26?
15
What is the remainder when 2181 is divided by 115?
111
Calculate the remain